 j(g) be the third derivative of 0 - 1/30*g**5 + 1/6*g**3 - 1/120*g**6 - 3*g**2 - 1/12*g**4 + 0*g. What is the units digit of j(-2)?
5
What is the units digit of (4*(-3)/18)/(4/(-558))?
3
Let m(j) = -j**3 + 8*j**2 - 8*j + 7. Let o be m(7). Suppose 5*h - 20 + 70 = o. Let u = 20 + h. What is the units digit of u?
0
Suppose 2*r = 4*f + 2, -2*f + 7 = 5*r + 38. Let n(a) be the third derivative of a**6/120 + a**5/12 + a**4/6 + 13*a**2. What is the units digit of n(f)?
6
Let b(z) = -2*z - 1. Let j be b(-3). Suppose 0 = -0*a + a - m - 1, a + j*m - 13 = 0. What is the units digit of a?
3
What is the units digit of (3 - -6 - -3) + -3?
9
Suppose -3*v + 4*v = 13. What is the units digit of v?
3
Suppose -5*h + 5*x + 40 = 0, 2*x + 14 = h - 2*x. Suppose w + 10 = h*w. What is the units digit of w - 6/((-3)/1)?
4
Let z = -6 - -14. Suppose z = -4*w + 8*w. What is the units digit of w?
2
Let o(l) = -l**2 + 4*l + 1. What is the units digit of o(3)?
4
Let j(f) = -f + 5. Let x be j(-5). Let c be 4/x - (-6)/10. Let d = 4 - c. What is the units digit of d?
3
Suppose 8*z = 3*z. Let r(c) = c**2 - c + 7. What is the units digit of r(z)?
7
Suppose 4*y + 371 = 3*x - 97, -5*x + 757 = y. What is the hundreds digit of x?
1
Suppose 3*i - 985 = -4*v, -v - 2 = 2*i - 667. What is the units digit of i?
5
What is the tens digit of (-2)/7 + 1/((-28)/(-1324))?
4
Let n(t) = -t**3 + 12*t**2 - t + 16. What is the tens digit of n(7)?
5
Let u = 79 + -36. Let d = -18 + u. What is the tens digit of d?
2
Let n(x) be the first derivative of x**4/4 - x**3 + 3*x**2/2 - 2*x - 2. Let o be n(2). Suppose 5*a - 13 - 22 = o. What is the units digit of a?
7
Suppose -t = -9 + 6. Suppose t*h - 56 = -2. What is the tens digit of h?
1
Let b = 0 - -2. Suppose b*p - d = -2*d - 7, -3*p + d - 8 = 0. What is the units digit of p/2*(-2 + 0)?
3
Let d(n) = -n**2 + 2*n + 3. Let w be d(5). What is the tens digit of (4/(w/39))/(-1)?
1
Suppose -u + 5*i = 22, -u + 2*u + 2*i = 13. Let w be (-4)/u - (-4)/(-6). Let r = w + 13. What is the tens digit of r?
1
Let x(w) = w**3 + 5*w**2 + 2*w - 2. Let z be x(-3). Let n = 22 - z. What is the tens digit of n?
1
Suppose 0 = -w + 3, -w - 3 = -4*j + 10. Suppose 0 = -x - 2, -2*b - j*x = -b + 5. What is the units digit of b?
3
Suppose 3*a - 8 = -4*c, -3*c + 6*a = 3*a - 27. Suppose 3*t - 59 = -x, -t = -c*x + 4*t + 335. Suppose -4*o + x = o. What is the tens digit of o?
1
Suppose -6 = -4*p + 6, -c + 6 = 2*p. Suppose -4*k + r + r + 16 = 0, -3*k - 3*r + 12 = c. What is the units digit of k?
4
Suppose 0*l = 5*l - 25. Let a(i) = i + 4. What is the units digit of a(l)?
9
Let s(f) = f + 7. Let v be s(-7). Suppose v = -4*j - 5*n + 65, 0 = -5*j + 4*n + 120 - 49. What is the tens digit of j?
1
Let r = -8 - -3. Let f(g) = -6*g**3 - 9*g**2 + 13*g - 9. Let a(c) = -c**3 - c**2 + c - 1. Let x(i) = r*a(i) + f(i). What is the units digit of x(-6)?
0
Let r(y) = y**3 + 5*y**2 - 3*y - 12. What is the units digit of r(-4)?
6
What is the units digit of (0 - -76)/(0 - 3/(-15))?
0
Suppose 13*v - 1920 = v. What is the hundreds digit of v?
1
Suppose 4*o - 3 = o, 2*o = -s + 37. What is the units digit of s?
5
Suppose 4*g = 2*z + 2 - 10, 5*g + 5*z - 20 = 0. Suppose 0 = -j - 5*a + 19, -j = -3*j + 2*a + 2. What is the units digit of ((-7)/(-4) + g)*j?
7
Let r = -8 + 3. Let w(i) = i**3 - 7*i**2 + 7*i + 3. Let f be w(6). Let y = r + f. What is the units digit of y?
4
Let r be (5 + 1)*25/15. What is the units digit of ((-12)/r)/(18/(-120))?
8
Let t(a) = a**3 + 7*a**2 - 5*a. Let k be t(-8). Let o = -14 - k. What is the units digit of o?
0
Let z(w) = -w**3 - 5*w**2 - w + 3. Let y = -10 + 5. What is the units digit of z(y)?
8
Let b be 42 + 3*6/(-9). What is the tens digit of 770/b + (-2)/8?
1
Suppose -4*n - n + 10 = 0. What is the units digit of n?
2
What is the units digit of -3*(-3)/(-3 - -12)?
1
Let v = 46 + -66. Let r = 32 + v. What is the tens digit of r?
1
Let n = 98 - 49. Let m = 74 - n. What is the tens digit of m?
2
Suppose 4*b = -i - i + 54, -3*b + 25 = i. What is the units digit of i?
1
Suppose 0*f - 6*f + 174 = 0. What is the units digit of f?
9
Let k = 6 - -2. Let q = k - 0. What is the units digit of q?
8
Let a(d) = -d**2 - 5*d + 4. Let p be (-23)/5 + 6/(-15). Let x be a(p). Suppose x*f = -b - 10, 3*f = -18 + 3. What is the units digit of b?
0
Suppose -3*t + 19 = -4*m + 6*m, 0 = -5*m - 3*t + 61. What is the units digit of m?
4
Let j = 4 + 45. What is the units digit of j?
9
Let y(h) = -h**3 - 2*h**2 + 3*h + 2. Let z be y(-3). Let p be (1 + 1)/(-1 + 2). Suppose 2*s = -z*s + 4*g + 16, s - 4*g = -p. What is the units digit of s?
6
Let k be 4/(-8)*(-24 + 0). Let s(y) = 0 + y**2 - 8*y - 4 + k. What is the units digit of s(7)?
1
What is the units digit of ((-800)/48)/((-4)/42)?
5
Suppose -6*r + 34 = -38. What is the tens digit of r?
1
Suppose -4*m - 5*f = 32, 5*m + 4*f + 16 = -15. Let x = 18 + m. What is the tens digit of x?
1
Suppose -m + 114 = s - 53, 0 = -m - 2*s + 170. What is the units digit of m?
4
Suppose -l - 1 + 4 = 0. Suppose -l*o = 5*i - 105, 0*o = -4*i + 2*o + 84. What is the units digit of i?
1
Let q = -4 - -4. What is the units digit of (-3 - q - 2)*-1?
5
Let v = -5 + 7. Suppose 5*x - u = v*x + 137, -4*x + 2*u = -186. What is the tens digit of x?
4
Suppose 4*v - 5*v = -106. What is the units digit of v?
6
Let s = 2 + 3. Suppose -2*p = -x - 3 - 10, -2*p + s*x + 25 = 0. What is the units digit of p?
5
Let h be ((-15)/2)/((-3)/4). Suppose 0 = n + n - h. What is the units digit of n?
5
Let q(v) = -v**3 - v**2 + 2*v + 1. Let f be q(-2). Suppose -j = -f - 5. What is the units digit of j?
6
Suppose 0 = 4*u + 19 - 7. Let f = u - -6. What is the units digit of f?
3
Suppose -3*h - 4 = -5*h. What is the units digit of h?
2
Let j be 12/(-9)*(-3)/2. Let w(r) = r**3 + 5*r**2 - r - 5. Let x be w(-5). Suppose x = -2*q - 5*v + 16, 0*q = j*q - v - 4. What is the units digit of q?
3
Let j be (-8)/(-20) - 36/(-10). Let i = j + -5. What is the units digit of (i/2)/((-3)/30)?
5
Suppose -5 = a + 11. Let y = -2 - a. What is the tens digit of y?
1
Let o(d) = -d**3 - d**2 - d + 81. Let u be o(0). Suppose -5*j + 103 = 4*f, j = -3*f - 2*j + u. Suppose 4*w = 4 + f. What is the units digit of w?
9
Let b be (44/(-6))/((-2)/6). Let a = b + -16. What is the units digit of a?
6
Suppose 12 = -0*a + 3*a. Suppose -a*x = -113 - 51. What is the tens digit of x?
4
Suppose 0 = -0*p - 3*p + 633. What is the hundreds digit of p?
2
Suppose 2*x - 10 = -0*x. Let r(a) be the first derivative of -a**3/3 + 3*a**2 + 5*a - 2. What is the tens digit of r(x)?
1
Let a = 26 + 16. What is the units digit of a?
2
What is the units digit of -3 + 64*(15/(-6) + 3)?
9
Let l(z) = -z**3 + 5*z**2 + 7*z - 5. Suppose 5*a = -4*y - 0*a + 29, -2*y + 3*a = -9. What is the units digit of l(y)?
1
Let b(c) = c**2 - c + 1. Let p(h) = -2*h**2 + 10*h - 8. Let r(v) = -3*b(v) - p(v). What is the units digit of r(-6)?
1
Suppose -4*t + 41 = -3*t. What is the tens digit of t?
4
Suppose -m - 5*j = 15, 2*m + 36 = -2*m + 4*j. Let i = m - -11. What is the units digit of i?
1
Let q(s) = s**3 - s**2 + s - 4. Let p be q(4). Suppose -3*w - w = -p. What is the tens digit of w?
1
Suppose -3*t = -2*t - 6. What is the units digit of 2/t*(22 - 1)?
7
Let w = 11 + 17. What is the tens digit of w?
2
Let y = -4 - -4. Suppose y*d - 20 = -2*d. Suppose d = -4*v + 30. What is the units digit of v?
5
Let j(c) = -25*c - 1. Let f be j(-2). Suppose -f = -3*i + 17. What is the tens digit of i?
2
What is the units digit of -59*(-4)/8*2?
9
Let k(u) = 11*u**2 - 6*u + 1. What is the units digit of k(4)?
3
Let j = 86 - 47. What is the units digit of j?
9
Suppose -z = -4*a - 151, -4*z + 3*a + 285 = -332. What is the hundreds digit of z?
1
Suppose -2*g + 84 = -m, 3*g + 4*m = -m + 126. Let j = 77 - g. What is the units digit of j?
5
Suppose -5*r - 18 = y, -5*y - 2*r - 27 = 2*r. Let t be 70/(-21) + (-1)/y. What is the units digit of (9/t - -11)/2?
4
Let a be ((-286)/39)/((-2)/6). Let j = a + -19. What is the units digit of j?
3
Let f(i) = i**2 + 4*i - 4. Let v be f(-5). Suppose 3*j = 3*w + 3, 0 = 5*w - v - 4. Suppose -j = -3*y + 16. What is the units digit of y?
6
Let f(u) = u**2 + 17. Let o be f(0). Suppose -2*k - 4*d = -10 - 28, o = 3*k - 2*d. What is the units digit of k?
9
Let c be 1206/(-24) - (-2)/8